[INFO] cloning repository https://github.com/deciduously/dice
[INFO] running `Command { std: "git" "-c" "credential.helper=" "-c" "credential.helper=/workspace/cargo-home/bin/git-credential-null" "clone" "--bare" "https://github.com/deciduously/dice" "/workspace/cache/git-repos/https%3A%2F%2Fgithub.com%2Fdeciduously%2Fdice", kill_on_drop: false }`
[INFO] [stderr] Cloning into bare repository '/workspace/cache/git-repos/https%3A%2F%2Fgithub.com%2Fdeciduously%2Fdice'...
[INFO] running `Command { std: "git" "rev-parse" "HEAD", kill_on_drop: false }`
[INFO] [stdout] c94e9f5c4a6a9008c1c1f7f032fb9c9b7032e16a
[INFO] building deciduously/dice against master#881c1ac408d93bb7adaa3a51dabab9266e82eee8 for issue-85264
[INFO] running `Command { std: "git" "clone" "/workspace/cache/git-repos/https%3A%2F%2Fgithub.com%2Fdeciduously%2Fdice" "/workspace/builds/worker-1/source", kill_on_drop: false }`
[INFO] [stderr] Cloning into '/workspace/builds/worker-1/source'...
[INFO] [stderr] done.
[INFO] validating manifest of git repo https://github.com/deciduously/dice on toolchain 881c1ac408d93bb7adaa3a51dabab9266e82eee8
[INFO] running `Command { std: "/workspace/cargo-home/bin/cargo" "+881c1ac408d93bb7adaa3a51dabab9266e82eee8" "metadata" "--manifest-path" "Cargo.toml" "--no-deps", kill_on_drop: false }`
[INFO] started tweaking git repo https://github.com/deciduously/dice
[INFO] finished tweaking git repo https://github.com/deciduously/dice
[INFO] tweaked toml for git repo https://github.com/deciduously/dice written to /workspace/builds/worker-1/source/Cargo.toml
[INFO] crate git repo https://github.com/deciduously/dice already has a lockfile, it will not be regenerated
[INFO] running `Command { std: "/workspace/cargo-home/bin/cargo" "+881c1ac408d93bb7adaa3a51dabab9266e82eee8" "fetch" "--manifest-path" "Cargo.toml", kill_on_drop: false }`
[INFO] [stderr]  Downloading crates ...
[INFO] [stderr]   Downloaded target_build_utils v0.1.2
[INFO] [stderr]   Downloaded nodrop v0.1.8
[INFO] [stderr]   Downloaded piston-float v0.2.0
[INFO] [stderr]   Downloaded linked-hash-map v0.0.10
[INFO] [stderr]   Downloaded wayland-client v0.7.6
[INFO] [stderr]   Downloaded piston-texture v0.5.0
[INFO] [stderr]   Downloaded num-bigint v0.1.35
[INFO] [stderr]   Downloaded fixedbitset v0.1.5
[INFO] [stderr]   Downloaded gfx_gl v0.3.1
[INFO] [stderr]   Downloaded deque v0.3.1
[INFO] [stderr]   Downloaded num-rational v0.1.35
[INFO] [stderr]   Downloaded core-foundation v0.2.2
[INFO] [stderr]   Downloaded core-foundation-sys v0.2.2
[INFO] [stderr]   Downloaded xml-rs v0.3.5
[INFO] [stderr]   Downloaded gl v0.6.1
[INFO] [stderr]   Downloaded android_glue v0.2.1
[INFO] [stderr]   Downloaded pistoncore-event_loop v0.26.0
[INFO] [stderr]   Downloaded wayland-window v0.4.3
[INFO] [stderr]   Downloaded flate2 v0.2.14
[INFO] [stderr]   Downloaded serde_json v0.8.4
[INFO] [stderr]   Downloaded scoped_threadpool v0.1.7
[INFO] [stderr]   Downloaded gfx v0.12.2
[INFO] [stderr]   Downloaded gleam v0.2.30
[INFO] [stderr]   Downloaded jpeg-decoder v0.1.10
[INFO] [stderr]   Downloaded num v0.1.36
[INFO] [stderr]   Downloaded daggy v0.4.1
[INFO] [stderr]   Downloaded gfx_device_gl v0.11.2
[INFO] [stderr]   Downloaded draw_state v0.6.0
[INFO] [stderr]   Downloaded rayon v0.6.0
[INFO] [stderr]   Downloaded gif v0.9.0
[INFO] [stderr]   Downloaded petgraph v0.2.9
[INFO] [stderr]   Downloaded num-complex v0.1.35
[INFO] [stderr]   Downloaded num-traits v0.1.36
[INFO] [stderr]   Downloaded png v0.5.2
[INFO] [stderr]   Downloaded libloading v0.3.1
[INFO] [stderr]   Downloaded inflate v0.1.1
[INFO] [stderr]   Downloaded num-integer v0.1.32
[INFO] [stderr]   Downloaded serde v0.8.21
[INFO] [stderr]   Downloaded piston2d-gfx_graphics v0.33.2
[INFO] [stderr]   Downloaded winit v0.5.6
[INFO] [stderr]   Downloaded conrod v0.47.4
[INFO] [stderr]   Downloaded gfx_core v0.4.0
[INFO] [stderr]   Downloaded piston-gfx_texture v0.18.0
[INFO] [stderr]   Downloaded image v0.10.4
[INFO] [stderr]   Downloaded bitflags v0.6.0
[INFO] [stderr]   Downloaded tempfile v2.1.4
[INFO] [stderr]   Downloaded piston-shaders_graphics2d v0.2.1
[INFO] [stderr]   Downloaded wayland-kbd v0.6.2
[INFO] [stderr]   Downloaded arrayvec v0.3.20
[INFO] [stderr]   Downloaded glutin v0.7.1
[INFO] [stderr]   Downloaded stb_truetype v0.2.0
[INFO] [stderr]   Downloaded pistoncore-glutin_window v0.32.0
[INFO] [stderr]   Downloaded dtoa v0.2.2
[INFO] [stderr]   Downloaded phf_shared v0.7.20
[INFO] [stderr]   Downloaded shader_version v0.2.1
[INFO] [stderr]   Downloaded wayland-scanner v0.7.6
[INFO] [stderr]   Downloaded itoa v0.1.1
[INFO] [stderr]   Downloaded phf v0.7.20
[INFO] [stderr]   Downloaded phf_generator v0.7.20
[INFO] [stderr]   Downloaded phf_codegen v0.7.20
[INFO] [stderr]   Downloaded vecmath v0.2.0
[INFO] [stderr]   Downloaded enum_primitive v0.1.0
[INFO] [stderr]   Downloaded miniz-sys v0.1.7
[INFO] [stderr]   Downloaded piston2d-graphics v0.19.0
[INFO] [stderr]   Downloaded wayland-sys v0.7.6
[INFO] [stderr]   Downloaded piston-viewport v0.2.0
[INFO] [stderr]   Downloaded rusttype v0.2.1
[INFO] [stderr]   Downloaded pistoncore-input v0.14.0
[INFO] [stderr]   Downloaded odds v0.2.25
[INFO] [stderr]   Downloaded pistoncore-window v0.23.0
[INFO] running `Command { std: "docker" "create" "-v" "/var/lib/crater-agent-workspace/builds/worker-1/target:/opt/rustwide/target:rw,Z" "-v" "/var/lib/crater-agent-workspace/builds/worker-1/source:/opt/rustwide/workdir:ro,Z" "-v" "/var/lib/crater-agent-workspace/cargo-home:/opt/rustwide/cargo-home:ro,Z" "-v" "/var/lib/crater-agent-workspace/rustup-home:/opt/rustwide/rustup-home:ro,Z" "-e" "SOURCE_DIR=/opt/rustwide/workdir" "-e" "CARGO_TARGET_DIR=/opt/rustwide/target" "-e" "CARGO_HOME=/opt/rustwide/cargo-home" "-e" "RUSTUP_HOME=/opt/rustwide/rustup-home" "-w" "/opt/rustwide/workdir" "-m" "1610612736" "--user" "0:0" "--network" "none" "ghcr.io/rust-lang/crates-build-env/linux@sha256:20528e8c29e4536546f0102ce88568b16ea7538393a33fcca951030f7af10457" "/opt/rustwide/cargo-home/bin/cargo" "+881c1ac408d93bb7adaa3a51dabab9266e82eee8" "metadata" "--no-deps" "--format-version=1", kill_on_drop: false }`
[INFO] [stdout] 5ea9a7fe33986b9565c0f177a98d8e20458110d88cd6125a419b46b7ab6f7f4f
[INFO] [stderr] WARNING: Your kernel does not support swap limit capabilities or the cgroup is not mounted. Memory limited without swap.
[INFO] running `Command { std: "docker" "start" "-a" "5ea9a7fe33986b9565c0f177a98d8e20458110d88cd6125a419b46b7ab6f7f4f", kill_on_drop: false }`
[INFO] running `Command { std: "docker" "inspect" "5ea9a7fe33986b9565c0f177a98d8e20458110d88cd6125a419b46b7ab6f7f4f", kill_on_drop: false }`
[INFO] running `Command { std: "docker" "rm" "-f" "5ea9a7fe33986b9565c0f177a98d8e20458110d88cd6125a419b46b7ab6f7f4f", kill_on_drop: false }`
[INFO] [stdout] 5ea9a7fe33986b9565c0f177a98d8e20458110d88cd6125a419b46b7ab6f7f4f
[INFO] running `Command { std: "docker" "create" "-v" "/var/lib/crater-agent-workspace/builds/worker-1/target:/opt/rustwide/target:rw,Z" "-v" "/var/lib/crater-agent-workspace/builds/worker-1/source:/opt/rustwide/workdir:ro,Z" "-v" "/var/lib/crater-agent-workspace/cargo-home:/opt/rustwide/cargo-home:ro,Z" "-v" "/var/lib/crater-agent-workspace/rustup-home:/opt/rustwide/rustup-home:ro,Z" "-e" "SOURCE_DIR=/opt/rustwide/workdir" "-e" "CARGO_TARGET_DIR=/opt/rustwide/target" "-e" "CARGO_INCREMENTAL=0" "-e" "RUST_BACKTRACE=full" "-e" "RUSTFLAGS=--cap-lints=forbid" "-e" "CARGO_HOME=/opt/rustwide/cargo-home" "-e" "RUSTUP_HOME=/opt/rustwide/rustup-home" "-w" "/opt/rustwide/workdir" "-m" "1610612736" "--user" "0:0" "--network" "none" "ghcr.io/rust-lang/crates-build-env/linux@sha256:20528e8c29e4536546f0102ce88568b16ea7538393a33fcca951030f7af10457" "/opt/rustwide/cargo-home/bin/cargo" "+881c1ac408d93bb7adaa3a51dabab9266e82eee8" "build" "--frozen" "--message-format=json", kill_on_drop: false }`
[INFO] [stdout] 8d6a56c640903cb0e38d660f466e62a88fc5d97af0713c42de1e9c316fba0992
[INFO] [stderr] WARNING: Your kernel does not support swap limit capabilities or the cgroup is not mounted. Memory limited without swap.
[INFO] running `Command { std: "docker" "start" "-a" "8d6a56c640903cb0e38d660f466e62a88fc5d97af0713c42de1e9c316fba0992", kill_on_drop: false }`
[INFO] [stderr]    Compiling libc v0.2.19
[INFO] [stderr]    Compiling num-traits v0.1.36
[INFO] [stderr]    Compiling phf_shared v0.7.20
[INFO] [stderr]    Compiling log v0.3.6
[INFO] [stderr]    Compiling serde v0.8.21
[INFO] [stderr]    Compiling winapi-build v0.1.1
[INFO] [stderr]    Compiling itoa v0.1.1
[INFO] [stderr]    Compiling dtoa v0.2.2
[INFO] [stderr]    Compiling rustc-serialize v0.3.22
[INFO] [stderr]    Compiling winapi v0.2.8
[INFO] [stderr]    Compiling semver v0.1.20
[INFO] [stderr]    Compiling gcc v0.3.41
[INFO] [stderr]    Compiling byteorder v0.5.3
[INFO] [stderr]    Compiling piston-float v0.2.0
[INFO] [stderr]    Compiling pkg-config v0.3.8
[INFO] [stderr]    Compiling bitflags v0.6.0
[INFO] [stderr]    Compiling inflate v0.1.1
[INFO] [stderr]    Compiling shader_version v0.2.1
[INFO] [stderr]    Compiling color_quant v1.0.0
[INFO] [stderr]    Compiling odds v0.2.25
[INFO] [stderr]    Compiling piston-texture v0.5.0
[INFO] [stderr]    Compiling scoped_threadpool v0.1.7
[INFO] [stderr]    Compiling glob v0.2.11
[INFO] [stderr]    Compiling byteorder v0.4.2
[INFO] [stderr]    Compiling linked-hash-map v0.0.10
[INFO] [stderr]    Compiling interpolation v0.1.0
[INFO] [stderr]    Compiling fixedbitset v0.1.5
[INFO] [stderr]    Compiling read_color v0.1.0
[INFO] [stderr]    Compiling piston-shaders_graphics2d v0.2.1
[INFO] [stderr]    Compiling find_folder v0.3.0
[INFO] [stderr]    Compiling xml-rs v0.3.5
[INFO] [stderr]    Compiling draw_state v0.6.0
[INFO] [stderr]    Compiling phf v0.7.20
[INFO] [stderr]    Compiling kernel32-sys v0.2.2
[INFO] [stderr]    Compiling piston-viewport v0.2.0
[INFO] [stderr]    Compiling vecmath v0.2.0
[INFO] [stderr]    Compiling rand v0.3.15
[INFO] [stderr]    Compiling num_cpus v1.2.1
[INFO] [stderr]    Compiling shared_library v0.1.5
[INFO] [stderr]    Compiling gif v0.9.0
[INFO] [stderr]    Compiling petgraph v0.2.9
[INFO] [stderr]    Compiling stb_truetype v0.2.0
[INFO] [stderr]    Compiling rustc_version v0.1.7
[INFO] [stderr]    Compiling osmesa-sys v0.1.2
[INFO] [stderr]    Compiling gfx_core v0.4.0
[INFO] [stderr]    Compiling nodrop v0.1.8
[INFO] [stderr]    Compiling fs2 v0.2.5
[INFO] [stderr]    Compiling time v0.1.35
[INFO] [stderr]    Compiling num-integer v0.1.32
[INFO] [stderr]    Compiling piston2d-graphics v0.19.0
[INFO] [stderr]    Compiling gl_generator v0.5.2
[INFO] [stderr]    Compiling wayland-scanner v0.7.6
[INFO] [stderr]    Compiling memmap v0.4.0
[INFO] [stdout] error[E0034]: multiple applicable items in scope
[INFO] [stdout]    --> /opt/rustwide/cargo-home/registry/src/github.com-1ecc6299db9ec823/petgraph-0.2.9/src/graph.rs:421:21
[INFO] [stdout]     |
[INFO] [stdout] 421 |         assert!(Ix::max().index() == !0 || NodeIndex::end() != node_idx);
[INFO] [stdout]     |                     ^^^ multiple `max` found
[INFO] [stdout]     |
[INFO] [stdout] note: candidate #1 is defined in the trait `IndexType`
[INFO] [stdout]    --> /opt/rustwide/cargo-home/registry/src/github.com-1ecc6299db9ec823/petgraph-0.2.9/src/graph.rs:31:5
[INFO] [stdout]     |
[INFO] [stdout] 31  |     fn max() -> Self;
[INFO] [stdout]     |     ^^^^^^^^^^^^^^^^^
[INFO] [stdout] note: candidate #2 is defined in the trait `Ord`
[INFO] [stdout] help: disambiguate the associated function for candidate #1
[INFO] [stdout]     |
[INFO] [stdout] 421 |         assert!(IndexType::max().index() == !0 || NodeIndex::end() != node_idx);
[INFO] [stdout]     |                 ^^^^^^^^^^^^^^
[INFO] [stdout] help: disambiguate the associated function for candidate #2
[INFO] [stdout]     |
[INFO] [stdout] 421 |         assert!(Ord::max().index() == !0 || NodeIndex::end() != node_idx);
[INFO] [stdout]     |                 ^^^^^^^^
[INFO] [stdout] 
[INFO] [stdout] 
[INFO] [stderr]    Compiling arrayvec v0.3.20
[INFO] [stdout] error[E0308]: mismatched types
[INFO] [stdout]    --> /opt/rustwide/cargo-home/registry/src/github.com-1ecc6299db9ec823/petgraph-0.2.9/src/graph.rs:421:38
[INFO] [stdout]     |
[INFO] [stdout] 374 | impl<N, E, Ty, Ix> Graph<N, E, Ty, Ix>
[INFO] [stdout]     |                -- this type parameter
[INFO] [stdout] ...
[INFO] [stdout] 421 |         assert!(Ix::max().index() == !0 || NodeIndex::end() != node_idx);
[INFO] [stdout]     |                                      ^^ expected type parameter `Ix`, found integer
[INFO] [stdout]     |
[INFO] [stdout]     = note: expected type parameter `Ix`
[INFO] [stdout]                          found type `{integer}`
[INFO] [stdout] 
[INFO] [stdout] 
[INFO] [stdout] error[E0034]: multiple applicable items in scope
[INFO] [stdout]    --> /opt/rustwide/cargo-home/registry/src/github.com-1ecc6299db9ec823/petgraph-0.2.9/src/graph.rs:458:21
[INFO] [stdout]     |
[INFO] [stdout] 458 |         assert!(Ix::max().index() == !0 || EdgeIndex::end() != edge_idx);
[INFO] [stdout]     |                     ^^^ multiple `max` found
[INFO] [stdout]     |
[INFO] [stdout] note: candidate #1 is defined in the trait `IndexType`
[INFO] [stdout]    --> /opt/rustwide/cargo-home/registry/src/github.com-1ecc6299db9ec823/petgraph-0.2.9/src/graph.rs:31:5
[INFO] [stdout]     |
[INFO] [stdout] 31  |     fn max() -> Self;
[INFO] [stdout]     |     ^^^^^^^^^^^^^^^^^
[INFO] [stdout] note: candidate #2 is defined in the trait `Ord`
[INFO] [stdout] help: disambiguate the associated function for candidate #1
[INFO] [stdout]     |
[INFO] [stdout] 458 |         assert!(IndexType::max().index() == !0 || EdgeIndex::end() != edge_idx);
[INFO] [stdout]     |                 ^^^^^^^^^^^^^^
[INFO] [stdout] help: disambiguate the associated function for candidate #2
[INFO] [stdout]     |
[INFO] [stdout] 458 |         assert!(Ord::max().index() == !0 || EdgeIndex::end() != edge_idx);
[INFO] [stdout]     |                 ^^^^^^^^
[INFO] [stdout] 
[INFO] [stdout] 
[INFO] [stdout] error[E0308]: mismatched types
[INFO] [stdout]    --> /opt/rustwide/cargo-home/registry/src/github.com-1ecc6299db9ec823/petgraph-0.2.9/src/graph.rs:458:38
[INFO] [stdout]     |
[INFO] [stdout] 374 | impl<N, E, Ty, Ix> Graph<N, E, Ty, Ix>
[INFO] [stdout]     |                -- this type parameter
[INFO] [stdout] ...
[INFO] [stdout] 458 |         assert!(Ix::max().index() == !0 || EdgeIndex::end() != edge_idx);
[INFO] [stdout]     |                                      ^^ expected type parameter `Ix`, found integer
[INFO] [stdout]     |
[INFO] [stdout]     = note: expected type parameter `Ix`
[INFO] [stdout]                          found type `{integer}`
[INFO] [stdout] 
[INFO] [stdout] 
[INFO] [stderr]    Compiling tempfile v2.1.4
[INFO] [stderr]    Compiling x11-dl v2.12.0
[INFO] [stderr]    Compiling num-iter v0.1.32
[INFO] [stderr]    Compiling miniz-sys v0.1.7
[INFO] [stdout] error: aborting due to 4 previous errors
[INFO] [stdout] 
[INFO] [stdout] 
[INFO] [stdout] Some errors have detailed explanations: E0034, E0308.
[INFO] [stdout] 
[INFO] [stdout] For more information about an error, try `rustc --explain E0034`.
[INFO] [stdout] 
[INFO] [stderr] error: could not compile `petgraph`
[INFO] [stderr] 
[INFO] [stderr] To learn more, run the command again with --verbose.
[INFO] [stderr] warning: build failed, waiting for other jobs to finish...
[INFO] [stderr] error: build failed
[INFO] running `Command { std: "docker" "inspect" "8d6a56c640903cb0e38d660f466e62a88fc5d97af0713c42de1e9c316fba0992", kill_on_drop: false }`
[INFO] running `Command { std: "docker" "rm" "-f" "8d6a56c640903cb0e38d660f466e62a88fc5d97af0713c42de1e9c316fba0992", kill_on_drop: false }`
[INFO] [stdout] 8d6a56c640903cb0e38d660f466e62a88fc5d97af0713c42de1e9c316fba0992
